{"id":338,"date":"2022-08-22T05:49:19","date_gmt":"2022-08-22T05:49:19","guid":{"rendered":"https:\/\/ftpdemo.com\/konstech\/?page_id=338"},"modified":"2023-12-20T03:04:59","modified_gmt":"2023-12-20T00:04:59","slug":"hakkimizda","status":"publish","type":"page","link":"https:\/\/ayeninsaat.com\/index.php\/hakkimizda\/","title":{"rendered":"Hakk\u0131m\u0131zda"},"content":{"rendered":"\t\t<div data-elementor-type=\"wp-page\" data-elementor-id=\"338\" class=\"elementor elementor-338\">\n\t\t\t\t<div class=\"elementor-element elementor-element-2235730 e-flex e-con-boxed e-con e-parent\" data-id=\"2235730\" data-element_type=\"container\">\n\t\t\t\t\t<div class=\"e-con-inner\">\n\t\t\t\t<div class=\"elementor-element elementor-element-bc260b0 elementor-invisible elementor-widget elementor-widget-heading\" data-id=\"bc260b0\" data-element_type=\"widget\" data-settings=\"{&quot;_animation&quot;:&quot;fadeInUp&quot;}\" data-widget_type=\"heading.default\">\n\t\t\t\t<div class=\"elementor-widget-container\">\n\t\t\t\t\t<h2 class=\"elementor-heading-title elementor-size-large\">HAKKIMIZDA<\/h2>\t\t\t\t<\/div>\n\t\t\t\t<\/div>\n\t\t\t\t\t<\/div>\n\t\t\t\t<\/div>\n\t\t<div class=\"elementor-element elementor-element-bd552da e-flex e-con-boxed e-con e-parent\" data-id=\"bd552da\" data-element_type=\"container\">\n\t\t\t\t\t<div class=\"e-con-inner\">\n\t\t\t\t<div class=\"elementor-element elementor-element-18172a4 elementor-invisible elementor-widget elementor-widget-text-editor\" data-id=\"18172a4\" data-element_type=\"widget\" data-settings=\"{&quot;_animation&quot;:&quot;fadeInUp&quot;}\" data-widget_type=\"text-editor.default\">\n\t\t\t\t<div class=\"elementor-widget-container\">\n\t\t\t\t\t\t\t\t\t<p>Biz, epoksi kaplama uzmanlar\u0131 olarak, m\u00fc\u015fterilerimize en iyi hizmeti sunmak ve projelerini ba\u015far\u0131yla tamamlamak i\u00e7in \u00fccretsiz ke\u015fif ve dan\u0131\u015fmanl\u0131k hizmetleri sunmaktay\u0131z. Sizlere, epoksi kaplaman\u0131n g\u00fczelliklerini, dayan\u0131kl\u0131l\u0131\u011f\u0131n\u0131 ve kullan\u0131\u015fl\u0131l\u0131\u011f\u0131n\u0131 ke\u015ffetmeniz i\u00e7in yard\u0131mc\u0131 olmak istiyoruz. \u0130\u015fte size nas\u0131l yard\u0131mc\u0131 oldu\u011fumuz hakk\u0131nda birka\u00e7 nokta:<br \/><br \/><strong><mark class=\"has-inline-color has-vivid-cyan-blue-color\">1. \u00dccretsiz Ke\u015fif Hizmeti<\/mark><\/strong><br \/><br \/>\u2013 Siz ve projeniz bizim i\u00e7in \u00f6nemlidir. Bu y\u00fczden uzman ekibimiz, projenizin ba\u015far\u0131l\u0131 bir \u015fekilde ilerlemesi i\u00e7in \u00fccretsiz ke\u015fif hizmeti sunmaktad\u0131r.<br \/>\u2013 Sizinle birebir g\u00f6r\u00fc\u015ferek, projenizin ihtiya\u00e7lar\u0131n\u0131 anlamaya \u00e7al\u0131\u015f\u0131yoruz. Epoksi kaplama uygulamas\u0131n\u0131n en uygun oldu\u011fu alanlar\u0131 belirlemek i\u00e7in yerinizi ziyaret ediyoruz.<br \/>\u2013 Alan\u0131n \u00f6zelliklerini, projenizin hedeflerini ve b\u00fct\u00e7enizi dikkate alarak size en iyi \u00e7\u00f6z\u00fcm\u00fc sunabilmek i\u00e7in detayl\u0131 bir analiz yap\u0131yoruz.<br \/><br \/><mark class=\"has-inline-color has-vivid-cyan-blue-color\"><strong>2. Profesyonel Dan\u0131\u015fmanl\u0131k Hizmeti<\/strong><\/mark><br \/><br \/>\u2013 Epoksi kaplama hakk\u0131nda bilgi sahibi olmakta s\u0131n\u0131rl\u0131ysan\u0131z endi\u015felenmeyin! Size profesyonel dan\u0131\u015fmanl\u0131k hizmeti sunarak projenizi en iyi \u015fekilde y\u00f6nlendirece\u011fiz.<br \/>\u2013 Uzman ekibimiz, projenizin gereksinimlerini anlamak i\u00e7in sizinle bir araya gelecek ve size en uygun epoksi kaplama malzemeleri ve renkler konusunda bilgi verecektir.<br \/>\u2013 Hangi tip epoksi kaplaman\u0131n ihtiya\u00e7lar\u0131n\u0131za en iyi \u015fekilde cevap verece\u011fine dair size detayl\u0131 bilgi sunacak ve i\u015finizi ba\u015far\u0131l\u0131 bir \u015fekilde tamamlaman\u0131z i\u00e7in size rehberlik edecektir.<br \/><br \/><strong><mark class=\"has-inline-color has-vivid-cyan-blue-color\">3. Ki\u015fiselle\u015ftirilmi\u015f \u00c7\u00f6z\u00fcmler<\/mark><\/strong><br \/><br \/>\u2013 Her projenin kendine \u00f6zg\u00fc ihtiya\u00e7lar\u0131 oldu\u011funu biliyoruz. Bu y\u00fczden size ki\u015fiselle\u015ftirilmi\u015f epoksi kaplama \u00e7\u00f6z\u00fcmleri sunuyoruz.<br \/>\u2013 Uzman ekibimiz, sizinle i\u015fbirli\u011fi yaparak, projenizin beklentilerine uygun en iyi \u00e7\u00f6z\u00fcm\u00fc belirlemek i\u00e7in size \u00f6zel bir yakla\u015f\u0131m sergileyecektir.<br \/>\u2013 Renk se\u00e7enekleri, desenler ve uygulama teknikleri konusunda size rehberlik ederek, proj<br \/><br \/>enizin estetik ve i\u015flevsel gereksinimlerini kar\u015f\u0131lamak i\u00e7in en iyi \u00e7\u00f6z\u00fcm\u00fc sunacakt\u0131r.<br \/><br \/><strong><mark class=\"has-inline-color has-vivid-cyan-blue-color\">4. G\u00fcvenilirlik ve Kalite<\/mark><\/strong><br \/><br \/>\u2013 Biz, epoksi \u015firketi olarak m\u00fc\u015fterilerimize g\u00fcvenilirlik ve kalite sunmak i\u00e7in \u00e7al\u0131\u015f\u0131yoruz.<br \/>\u2013 M\u00fc\u015fterilerimize sa\u011flad\u0131\u011f\u0131m\u0131z \u00fccretsiz ke\u015fif ve dan\u0131\u015fmanl\u0131k hizmetlerimizde, i\u015fimizi titizlikle ve dikkatle yaparak projelerinizin ba\u015far\u0131l\u0131 bir \u015fekilde tamamlanmas\u0131n\u0131 sa\u011fl\u0131yoruz.<br \/>\u2013 Y\u00fcksek kaliteli epoksi kaplama malzemeleri ve profesyonel i\u015f\u00e7ilik kullanarak, uzun \u00f6m\u00fcrl\u00fc ve dayan\u0131kl\u0131 sonu\u00e7lar elde etmenizi garanti ediyoruz.<br \/><br \/><strong><mark class=\"has-inline-color has-vivid-cyan-blue-color\">Sonu\u00e7<\/mark><\/strong><br \/><br \/>Epoksi \u015firketi olarak, sizlere \u00fccretsiz ke\u015fif ve dan\u0131\u015fmanl\u0131k hizmetleri sunarak projelerinizde size yard\u0131mc\u0131 oluyoruz. Uzman ekibimiz, projenizin ihtiya\u00e7lar\u0131n\u0131 analiz ediyor ve size en uygun epoksi kaplama \u00e7\u00f6z\u00fcmlerini sunuyor. Sizinle yak\u0131n i\u015fbirli\u011fi yaparak ki\u015fiselle\u015ftirilmi\u015f \u00e7\u00f6z\u00fcmler sunuyor ve i\u015finizi g\u00fcvenilirlik ve kalite ile tamaml\u0131yoruz. Bizimle \u00e7al\u0131\u015fan m\u00fc\u015fteriler, uzun \u00f6m\u00fcrl\u00fc ve estetik olarak m\u00fckemmel sonu\u00e7lar alacaklar\u0131na g\u00fcvenebilirler.<\/p>\t\t\t\t\t\t\t\t<\/div>\n\t\t\t\t<\/div>\n\t\t\t\t\t<\/div>\n\t\t\t\t<\/div>\n\t\t<div class=\"elementor-element elementor-element-c09d247 e-flex e-con-boxed e-con e-parent\" data-id=\"c09d247\" data-element_type=\"container\">\n\t\t\t\t\t<div class=\"e-con-inner\">\n\t\t\t\t<div class=\"elementor-element elementor-element-d954ca4 elementor-widget-divider--view-line elementor-widget elementor-widget-divider\" data-id=\"d954ca4\" data-element_type=\"widget\" data-widget_type=\"divider.default\">\n\t\t\t\t<div class=\"elementor-widget-container\">\n\t\t\t\t\t\t\t<div class=\"elementor-divider\">\n\t\t\t<span class=\"elementor-divider-separator\">\n\t\t\t\t\t\t<\/span>\n\t\t<\/div>\n\t\t\t\t\t\t<\/div>\n\t\t\t\t<\/div>\n\t\t\t\t\t<\/div>\n\t\t\t\t<\/div>\n\t\t\t\t<section class=\"elementor-section elementor-top-section elementor-element elementor-element-248fcd2c elementor-section-full_width elementor-section-height-default elementor-section-height-default\" data-id=\"248fcd2c\" data-element_type=\"section\">\n\t\t\t\t\t\t<div class=\"elementor-container elementor-column-gap-no\">\n\t\t\t\t\t<div class=\"elementor-column elementor-col-100 elementor-top-column elementor-element elementor-element-7108eb81\" data-id=\"7108eb81\" data-element_type=\"column\">\n\t\t\t<div class=\"elementor-widget-wrap elementor-element-populated\">\n\t\t\t\t\t\t<div class=\"elementor-element elementor-element-5328b257 elementor-widget elementor-widget-constech_clients\" data-id=\"5328b257\" data-element_type=\"widget\" data-widget_type=\"constech_clients.default\">\n\t\t\t\t<div class=\"elementor-widget-container\">\n\t\t\t\t\t\t\t\n\n     <script>\n jQuery(document).ready(function($) {\n\n\/\/put the js code under this line \n\n\tif ($(\".five-item-carousel\").length) {\n\t\t$(\".five-item-carousel\").owlCarousel({\n\t\t\tloop:true,\n\t\t\tmargin:30,\n\t\t\tnav:true,\n\t\t\tsmartSpeed: 500,\n\t\t\tautoplay: 1000,\n\t\t\tresponsive:{\n\t\t\t\t0:{\n\t\t\t\t\titems:1\n\t\t\t\t},\n\t\t\t\t480:{\n\t\t\t\t\titems:2\n\t\t\t\t},\n\t\t\t\t600:{\n\t\t\t\t\titems:3\n\t\t\t\t},\n\t\t\t\t800:{\n\t\t\t\t\titems:4\n\t\t\t\t},\n\t\t\t\t1024:{\n\t\t\t\t\titems:5\n\t\t\t\t}\n\t\t\t}\n\t\t});    \t\t\n\t}\n\n\/\/put the code above the line \n\n  });\n<\/script>        \n\t\t\t\t\n\t\t\t\t\n\t\t\t\t\n\t\t\t\t\n\t\t\t\t\n\t\t\t\t\n\t\t\t\t\n\t\t\t\t\n\t\t\t\t\n\t\t<section class=\"clients-one light p_relative pt_100 pb_100 \">\n\t\t\t            <div class=\"pattern-layer p_absolute l_0 t_0\" style=\"background-image: url(https:\/\/ayeninsaat.com\/wp-content\/uploads\/2022\/08\/shape-190.png);\">\n\t\t\t\t\t\t<\/div>\n            <div class=\"auto-container\">\n                <div class=\"five-item-carousel owl-carousel owl-theme owl-nav-none owl-dots-none\">\n\t\t\t\t\n                    \t\t\t\t\n                    <div class=\"clients-logo-box\">\n                        <figure class=\"image\">\n\t\t\t\t\t\t\t<a href=\"https:\/\/23july.hostlin.com\/constech\/our-clients\/\">\n\t\t\t\t\t\t\t\t\t\t\t\t\t\t\t\t<img decoding=\"async\" src=\"https:\/\/ayeninsaat.com\/wp-content\/uploads\/2023\/12\/Basliksiz-1_0004_erdemir-celik-fabrikasi.png\" alt=\"\">\n\t\t\t\t\t\t\t\t\t\t\t\t\t\t\t<\/a>\n\t\t\t\t\t\t<\/figure>\n\t\t\t\t\t\t\n\t\t\t\t\t\t<figure class=\"overlay-image\">\n\t\t\t\t\t\t\t<a href=\"https:\/\/23july.hostlin.com\/constech\/our-clients\/\">\n\t\t\t\t\t\t\t\t\t\t\t\t\t\t\t\t<img decoding=\"async\" src=\"https:\/\/ayeninsaat.com\/wp-content\/uploads\/2023\/12\/Basliksiz-1_0004_erdemir-celik-fabrikasi.png\" alt=\"\">\n\t\t\t\t\t\t\t\t\t\t\t\t\t\t\t<\/a>\n\t\t\t\t\t\t<\/figure>\n                    <\/div>\n\t\t\t\t\t\n\t\t\t\t\t\t\t\t\t\n                    <div class=\"clients-logo-box\">\n                        <figure class=\"image\">\n\t\t\t\t\t\t\t<a href=\"https:\/\/23july.hostlin.com\/constech\/our-clients\/\">\n\t\t\t\t\t\t\t\t\t\t\t\t\t\t\t\t<img decoding=\"async\" src=\"https:\/\/ayeninsaat.com\/wp-content\/uploads\/2023\/12\/Basliksiz-1_0003_izmir-ticaret-odasi.png\" alt=\"\">\n\t\t\t\t\t\t\t\t\t\t\t\t\t\t\t<\/a>\n\t\t\t\t\t\t<\/figure>\n\t\t\t\t\t\t\n\t\t\t\t\t\t<figure class=\"overlay-image\">\n\t\t\t\t\t\t\t<a href=\"https:\/\/23july.hostlin.com\/constech\/our-clients\/\">\n\t\t\t\t\t\t\t\t\t\t\t\t\t\t\t\t<img decoding=\"async\" src=\"https:\/\/ayeninsaat.com\/wp-content\/uploads\/2023\/12\/Basliksiz-1_0003_izmir-ticaret-odasi.png\" alt=\"\">\n\t\t\t\t\t\t\t\t\t\t\t\t\t\t\t<\/a>\n\t\t\t\t\t\t<\/figure>\n                    <\/div>\n\t\t\t\t\t\n\t\t\t\t\t\t\t\t\t\n                    <div class=\"clients-logo-box\">\n                        <figure class=\"image\">\n\t\t\t\t\t\t\t<a href=\"https:\/\/23july.hostlin.com\/constech\/our-clients\/\">\n\t\t\t\t\t\t\t\t\t\t\t\t\t\t\t\t<img decoding=\"async\" src=\"https:\/\/ayeninsaat.com\/wp-content\/uploads\/2023\/12\/Basliksiz-1_0002_star-rafineri.png\" alt=\"\">\n\t\t\t\t\t\t\t\t\t\t\t\t\t\t\t<\/a>\n\t\t\t\t\t\t<\/figure>\n\t\t\t\t\t\t\n\t\t\t\t\t\t<figure class=\"overlay-image\">\n\t\t\t\t\t\t\t<a href=\"https:\/\/23july.hostlin.com\/constech\/our-clients\/\">\n\t\t\t\t\t\t\t\t\t\t\t\t\t\t\t\t<img decoding=\"async\" src=\"https:\/\/ayeninsaat.com\/wp-content\/uploads\/2023\/12\/Basliksiz-1_0002_star-rafineri.png\" alt=\"\">\n\t\t\t\t\t\t\t\t\t\t\t\t\t\t\t<\/a>\n\t\t\t\t\t\t<\/figure>\n                    <\/div>\n\t\t\t\t\t\n\t\t\t\t\t\t\t\t\t\n                    <div class=\"clients-logo-box\">\n                        <figure class=\"image\">\n\t\t\t\t\t\t\t<a href=\"https:\/\/23july.hostlin.com\/constech\/our-clients\/\">\n\t\t\t\t\t\t\t\t\t\t\t\t\t\t\t\t<img decoding=\"async\" src=\"https:\/\/ayeninsaat.com\/wp-content\/uploads\/2023\/12\/Basliksiz-1_0005_egeyurt.png\" alt=\"\">\n\t\t\t\t\t\t\t\t\t\t\t\t\t\t\t<\/a>\n\t\t\t\t\t\t<\/figure>\n\t\t\t\t\t\t\n\t\t\t\t\t\t<figure class=\"overlay-image\">\n\t\t\t\t\t\t\t<a href=\"https:\/\/23july.hostlin.com\/constech\/our-clients\/\">\n\t\t\t\t\t\t\t\t\t\t\t\t\t\t\t\t<img decoding=\"async\" src=\"https:\/\/ayeninsaat.com\/wp-content\/uploads\/2023\/12\/Basliksiz-1_0005_egeyurt.png\" alt=\"\">\n\t\t\t\t\t\t\t\t\t\t\t\t\t\t\t<\/a>\n\t\t\t\t\t\t<\/figure>\n                    <\/div>\n\t\t\t\t\t\n\t\t\t\t\t\t\t\t\t\n                    <div class=\"clients-logo-box\">\n                        <figure class=\"image\">\n\t\t\t\t\t\t\t<a href=\"https:\/\/23july.hostlin.com\/constech\/our-clients\/\">\n\t\t\t\t\t\t\t\t\t\t\t\t\t\t\t\t<img decoding=\"async\" src=\"https:\/\/ayeninsaat.com\/wp-content\/uploads\/2023\/12\/Basliksiz-1_0000_zel-gida-corba-fabrikasi.png\" alt=\"\">\n\t\t\t\t\t\t\t\t\t\t\t\t\t\t\t<\/a>\n\t\t\t\t\t\t<\/figure>\n\t\t\t\t\t\t\n\t\t\t\t\t\t<figure class=\"overlay-image\">\n\t\t\t\t\t\t\t<a href=\"https:\/\/23july.hostlin.com\/constech\/our-clients\/\">\n\t\t\t\t\t\t\t\t\t\t\t\t\t\t\t\t<img decoding=\"async\" src=\"https:\/\/ayeninsaat.com\/wp-content\/uploads\/2023\/12\/Basliksiz-1_0000_zel-gida-corba-fabrikasi.png\" alt=\"\">\n\t\t\t\t\t\t\t\t\t\t\t\t\t\t\t<\/a>\n\t\t\t\t\t\t<\/figure>\n                    <\/div>\n\t\t\t\t\t\n\t\t\t\t\t\t\t\t\t\t\n                <\/div>\n            <\/div>\n        <\/section>\n\t\t\n\t\t\t\t\n\t\t\t\t\t\t<\/div>\n\t\t\t\t<\/div>\n\t\t\t\t\t<\/div>\n\t\t<\/div>\n\t\t\t\t\t<\/div>\n\t\t<\/section>\n\t\t\t\t<\/div>\n\t\t","protected":false},"excerpt":{"rendered":"<p>HAKKIMIZDA Biz, epoksi kaplama uzmanlar\u0131 olarak, m\u00fc\u015fterilerimize en iyi hizmeti sunmak ve projelerini ba\u015far\u0131yla tamamlamak i\u00e7in \u00fccretsiz ke\u015fif ve dan\u0131\u015fmanl\u0131k hizmetleri sunmaktay\u0131z. Sizlere, epoksi kaplaman\u0131n g\u00fczelliklerini, dayan\u0131kl\u0131l\u0131\u011f\u0131n\u0131 ve kullan\u0131\u015fl\u0131l\u0131\u011f\u0131n\u0131 ke\u015ffetmeniz i\u00e7in yard\u0131mc\u0131 olmak istiyoruz. \u0130\u015fte size nas\u0131l yard\u0131mc\u0131 oldu\u011fumuz hakk\u0131nda birka\u00e7 nokta: 1. \u00dccretsiz Ke\u015fif Hizmeti \u2013 Siz ve projeniz bizim i\u00e7in \u00f6nemlidir. Bu y\u00fczden [&hellip;]<\/p>\n","protected":false},"author":1,"featured_media":0,"parent":0,"menu_order":0,"comment_status":"closed","ping_status":"closed","template":"elementor_header_footer","meta":{"om_disable_all_campaigns":false,"_monsterinsights_skip_tracking":false,"_monsterinsights_sitenote_active":false,"_monsterinsights_sitenote_note":"","_monsterinsights_sitenote_category":0,"footnotes":""},"class_list":["post-338","page","type-page","status-publish","hentry"],"_links":{"self":[{"href":"https:\/\/ayeninsaat.com\/index.php\/wp-json\/wp\/v2\/pages\/338","targetHints":{"allow":["GET"]}}],"collection":[{"href":"https:\/\/ayeninsaat.com\/index.php\/wp-json\/wp\/v2\/pages"}],"about":[{"href":"https:\/\/ayeninsaat.com\/index.php\/wp-json\/wp\/v2\/types\/page"}],"author":[{"embeddable":true,"href":"https:\/\/ayeninsaat.com\/index.php\/wp-json\/wp\/v2\/users\/1"}],"replies":[{"embeddable":true,"href":"https:\/\/ayeninsaat.com\/index.php\/wp-json\/wp\/v2\/comments?post=338"}],"version-history":[{"count":20,"href":"https:\/\/ayeninsaat.com\/index.php\/wp-json\/wp\/v2\/pages\/338\/revisions"}],"predecessor-version":[{"id":2455,"href":"https:\/\/ayeninsaat.com\/index.php\/wp-json\/wp\/v2\/pages\/338\/revisions\/2455"}],"wp:attachment":[{"href":"https:\/\/ayeninsaat.com\/index.php\/wp-json\/wp\/v2\/media?parent=338"}],"curies":[{"name":"wp","href":"https:\/\/api.w.org\/{rel}","templated":true}]}}